{"id":139124,"date":"2024-03-26T17:50:00","date_gmt":"2024-03-26T17:50:00","guid":{"rendered":"https:\/\/casinorust.com\/wie-man-roulette-spielt\/"},"modified":"2024-03-26T17:50:00","modified_gmt":"2024-03-26T17:50:00","slug":"wie-man-roulette-spielt","status":"publish","type":"page","link":"https:\/\/casinorust.com\/Germany\/wie-man-roulette-spielt\/","title":{"rendered":"Wie man Roulette spielt"},"content":{"rendered":"<h2><b>Online-Roulette meistern: Ein Leitfaden f\u00fcr das Spielen um echtes Geld<\/b><\/h2>\n<p><span style=\"font-weight: 400;\">Roulette ist eines der kultigsten und aufregendsten Casinospiele und bietet den Spielern eine Mischung aus Gl\u00fcck, Strategie und Spannung. Mit dem Aufkommen der Online-Casinos ist Roulette zug\u00e4nglicher denn je geworden und erm\u00f6glicht es Spielern, den Nervenkitzel des Rades von jedem Ort der Welt aus zu erleben. Hier finden Sie einen umfassenden Leitfaden zum Spielen von Roulette in einem Online-Casino um echtes Geld, der verschiedene Spielvarianten und Strategien zur Verbesserung Ihres Spielerlebnisses beschreibt.<\/span><\/p>\n<h2><b>Roulette verstehen: Die Grundlagen<\/b><\/h2>\n<p><span style=\"font-weight: 400;\">Im Kern besteht Roulette aus einem sich drehenden Rad mit nummerierten Schlitzen, einer kleinen Kugel und einem Wetttisch, auf dem die Spieler ihre Eins\u00e4tze platzieren. Ziel ist es, vorherzusagen, wo die Kugel landen wird, wenn das Rad aufh\u00f6rt, sich zu drehen. Wetten k\u00f6nnen auf eine einzelne Zahl, verschiedene Zahlengruppen, die Farbe Rot oder Schwarz, eine gerade oder ungerade Zahl oder eine hohe (19-36) oder niedrige (1-18) Zahl platziert werden.<\/span><\/p>\n<h2><b>Arten von Roulettespielen<\/b><\/h2>\n<p><span style=\"font-weight: 400;\">Wenn Sie online spielen, werden Sie auf verschiedene Roulette-Varianten sto\u00dfen, jede mit ihren eigenen Regeln und Nuancen:<\/span><\/p>\n<h2><b>1. Amerikanisches Roulette<\/b><\/h2>\n<p><span style=\"font-weight: 400;\">Amerikanisches Roulette ist durch ein Rad mit 38 F\u00e4chern gekennzeichnet, das die Zahlen 1 bis 36, eine Null (0) und eine Doppelnull (00) enth\u00e4lt. Durch das Vorhandensein der Doppelnull erh\u00f6ht sich der Hausvorteil auf ca. 5,26 %, so dass diese Variante f\u00fcr die Spieler im Vergleich zu anderen Versionen weniger g\u00fcnstig ist.<\/span><\/p>\n<h2><b>2. Europ\u00e4isches Roulette<\/b><\/h2>\n<p><span style=\"font-weight: 400;\">Europ\u00e4isches Roulette verf\u00fcgt \u00fcber ein Rad mit 37 F\u00e4chern, die von 1 bis 36 nummeriert sind, plus einer einzigen Null (0). Diese Version ist f\u00fcr die Spieler g\u00fcnstiger und bietet einen niedrigeren Hausvorteil von etwa 2,7 %.<\/span><\/p>\n<h2><b>3. Franz\u00f6sisches Roulette<\/b><\/h2>\n<p><span style=\"font-weight: 400;\">Beim franz\u00f6sischen Roulette wird ebenfalls ein Rad mit 37 Feldern verwendet, \u00e4hnlich wie beim europ\u00e4ischen Roulette. Das Besondere an diesem Spiel sind die einzigartigen Regeln &#8220;La Partage&#8221; und &#8220;En Prison&#8221;, die den Hausvorteil bei Wetten mit geradem Geld noch weiter reduzieren k\u00f6nnen. Wenn die Kugel auf Null landet, erhalten die Spieler entweder die H\u00e4lfte ihres Einsatzes zur\u00fcck (La Partage) oder ihr Einsatz bleibt f\u00fcr die n\u00e4chste Runde bestehen (En Prison).<\/span><\/p>\n<h2><b>Roulette-Wettstrategien<\/b><\/h2>\n<p><span style=\"font-weight: 400;\">Obwohl Roulette in erster Linie ein Gl\u00fccksspiel ist, gibt es einige Strategien, die Ihnen helfen k\u00f6nnen, Ihre Bankroll zu verwalten und Ihr Spielvergn\u00fcgen zu steigern. Denken Sie jedoch daran, dass keine Strategie den Erfolg garantieren kann.<\/span><\/p>\n<h2><b>1. Das Martingal-System<\/b><\/h2>\n<p><span style=\"font-weight: 400;\">Dies ist eine beliebte Wettstrategie, bei der Sie Ihren Einsatz nach jedem Verlust verdoppeln, mit dem Ziel, alle vorherigen Verluste durch einen einzigen Gewinn wieder auszugleichen. Kurzfristig kann dies zwar effektiv sein, erfordert aber eine betr\u00e4chtliche Bankroll und ist bei langen Spielsitzungen riskant.<\/span><\/p>\n<h2><b>2. Das Fibonacci-System<\/b><\/h2>\n<p><span style=\"font-weight: 400;\">Bei dieser Strategie, die auf der ber\u00fchmten Fibonacci-Folge basiert, werden die letzten beiden Eins\u00e4tze addiert. Dieses System gilt als sicherer als das Martingale-System, erfordert aber dennoch ein sorgf\u00e4ltiges Bankroll-Management.<\/span><\/p>\n<h2><b>3. Die James-Bond-Strategie<\/b><\/h2>\n<p><span style=\"font-weight: 400;\">Dies ist eine feste Wettstrategie, bei der Sie Ihre Eins\u00e4tze auf hohe Zahlen, eine sechszeilige Wette und 0 verteilen. Diese Methode deckt mehr als die H\u00e4lfte der m\u00f6glichen Ergebnisse ab, ist aber am besten f\u00fcr kurze Sitzungen geeignet.<\/span><\/p>\n<h2><b>Tipps f\u00fcr<\/b> <strong>Spielen<\/strong><b> Online-Roulette um echtes Geld<\/b><\/h2>\n<ul>\n<li style=\"font-weight: 400;\" aria-level=\"1\"><b>W\u00e4hlen Sie die richtige Variante<\/b><span style=\"font-weight: 400;\">: Entscheiden Sie sich nach M\u00f6glichkeit f\u00fcr europ\u00e4isches oder franz\u00f6sisches Roulette, da sie im Vergleich zum amerikanischen Roulette einen geringeren Hausvorteil bieten.<\/span><\/li>\n<li style=\"font-weight: 400;\" aria-level=\"1\"><b>\u00dcben mit kostenlosen Spielen<\/b><span style=\"font-weight: 400;\">: Bevor Sie mit echtem Geld spielen, sollten Sie kostenlose Roulettespiele ausprobieren, um sich mit den Regeln und Mechanismen vertraut zu machen.<\/span><\/li>\n<li style=\"font-weight: 400;\" aria-level=\"1\"><b>Ein Budget festlegen<\/b><span style=\"font-weight: 400;\">: Legen Sie immer ein Budget fest, bevor Sie anfangen zu spielen, und halten Sie es ein. Laufen Sie niemals Ihren Verlusten hinterher.<\/span><\/li>\n<li style=\"font-weight: 400;\" aria-level=\"1\"><b>Verstehen Sie die Quoten<\/b><span style=\"font-weight: 400;\">: Lernen Sie die Auszahlungen und Quoten f\u00fcr die verschiedenen Wettarten kennen. Dieses Wissen kann Ihnen helfen, fundierte Entscheidungen zu treffen.<\/span><\/li>\n<li style=\"font-weight: 400;\" aria-level=\"1\"><b>Spielen Sie in seri\u00f6sen Casinos<\/b><span style=\"font-weight: 400;\">: Spielen Sie nur in lizenzierten und seri\u00f6sen Online-Casinos, um faires Spiel und sichere Transaktionen zu gew\u00e4hrleisten.<\/span><\/li>\n<\/ul>\n<h2>Schlussfolgerung<\/h2>\n<p><span style=\"font-weight: 400;\">Online-Roulette bietet eine Welt voller Aufregung und potenzieller Gewinne. Wenn Sie die verschiedenen Arten von Roulette kennen, durchdachte Strategien anwenden und verantwortungsbewusst spielen, k\u00f6nnen Sie diesen zeitlosen Klassiker bequem von zu Hause aus genie\u00dfen. Denken Sie daran, dass es zwar keine Garantie f\u00fcr einen Gewinn gibt, der wahre Nervenkitzel des Roulettes aber in der Spannung und dem Spektakel des sich drehenden Rades liegt.<\/span><\/p>\n","protected":false},"excerpt":{"rendered":"<p>Online-Roulette meistern: Ein Leitfaden f\u00fcr das Spielen um echtes Geld Roulette ist eines der kultigsten und aufregendsten Casinospiele und bietet den Spielern eine Mischung aus Gl\u00fcck, Strategie und Spannung. Mit dem Aufkommen der Online-Casinos ist Roulette zug\u00e4nglicher denn je geworden<a class=\"excerpt-read-more\" href=\"https:\/\/casinorust.com\/Germany\/wie-man-roulette-spielt\/\" title=\"ReadWie man Roulette spielt\">&#8230; Read more &raquo;<\/a><\/p>\n","protected":false},"author":1,"featured_media":139112,"parent":0,"menu_order":0,"comment_status":"closed","ping_status":"closed","template":"template-full-width.php","meta":{"footnotes":""},"class_list":["post-139124","page","type-page","status-publish","has-post-thumbnail","hentry","wp-sticky"],"acf":[],"yoast_head":"<!-- This site is optimized with the Yoast SEO plugin v27.4 - https:\/\/yoast.com\/product\/yoast-seo-wordpress\/ -->\n<title>Wie man Roulette spielt - Casino Rust<\/title>\n<meta name=\"robots\" content=\"index, follow, max-snippet:-1, max-image-preview:large, max-video-preview:-1\" \/>\n<link rel=\"canonical\" href=\"https:\/\/casinorust.com\/Germany\/wie-man-roulette-spielt\/\" \/>\n<meta property=\"og:locale\" content=\"de_DE\" \/>\n<meta property=\"og:type\" content=\"article\" \/>\n<meta property=\"og:title\" content=\"Wie man Roulette spielt - Casino Rust\" \/>\n<meta property=\"og:description\" content=\"Online-Roulette meistern: Ein Leitfaden f\u00fcr das Spielen um echtes Geld Roulette ist eines der kultigsten und aufregendsten Casinospiele und bietet den Spielern eine Mischung aus Gl\u00fcck, Strategie und Spannung. Mit dem Aufkommen der Online-Casinos ist Roulette zug\u00e4nglicher denn je geworden... Read more &raquo;\" \/>\n<meta property=\"og:url\" content=\"https:\/\/casinorust.com\/Germany\/wie-man-roulette-spielt\/\" \/>\n<meta property=\"og:site_name\" content=\"Casino Rust\" \/>\n<meta property=\"og:image\" content=\"https:\/\/casinorust.com\/wp-content\/uploads\/2017\/03\/cover-1.jpg\" \/>\n\t<meta property=\"og:image:width\" content=\"376\" \/>\n\t<meta property=\"og:image:height\" content=\"250\" \/>\n\t<meta property=\"og:image:type\" content=\"image\/jpeg\" \/>\n<meta name=\"twitter:card\" content=\"summary_large_image\" \/>\n<meta name=\"twitter:label1\" content=\"Est. reading time\" \/>\n\t<meta name=\"twitter:data1\" content=\"4 minutes\" \/>\n<script type=\"application\/ld+json\" class=\"yoast-schema-graph\">{\"@context\":\"https:\\\/\\\/schema.org\",\"@graph\":[{\"@type\":\"WebPage\",\"@id\":\"https:\\\/\\\/casinorust.com\\\/Germany\\\/wie-man-roulette-spielt\\\/\",\"url\":\"https:\\\/\\\/casinorust.com\\\/Germany\\\/wie-man-roulette-spielt\\\/\",\"name\":\"Wie man Roulette spielt - Casino Rust\",\"isPartOf\":{\"@id\":\"https:\\\/\\\/casinorust.com\\\/#website\"},\"primaryImageOfPage\":{\"@id\":\"https:\\\/\\\/casinorust.com\\\/Germany\\\/wie-man-roulette-spielt\\\/#primaryimage\"},\"image\":{\"@id\":\"https:\\\/\\\/casinorust.com\\\/Germany\\\/wie-man-roulette-spielt\\\/#primaryimage\"},\"thumbnailUrl\":\"https:\\\/\\\/casinorust.com\\\/wp-content\\\/uploads\\\/2017\\\/03\\\/cover-1.jpg\",\"datePublished\":\"2024-03-26T17:50:00+00:00\",\"breadcrumb\":{\"@id\":\"https:\\\/\\\/casinorust.com\\\/Germany\\\/wie-man-roulette-spielt\\\/#breadcrumb\"},\"inLanguage\":\"de\",\"potentialAction\":[{\"@type\":\"ReadAction\",\"target\":[\"https:\\\/\\\/casinorust.com\\\/Germany\\\/wie-man-roulette-spielt\\\/\"]}]},{\"@type\":\"ImageObject\",\"inLanguage\":\"de\",\"@id\":\"https:\\\/\\\/casinorust.com\\\/Germany\\\/wie-man-roulette-spielt\\\/#primaryimage\",\"url\":\"https:\\\/\\\/casinorust.com\\\/wp-content\\\/uploads\\\/2017\\\/03\\\/cover-1.jpg\",\"contentUrl\":\"https:\\\/\\\/casinorust.com\\\/wp-content\\\/uploads\\\/2017\\\/03\\\/cover-1.jpg\",\"width\":376,\"height\":250,\"caption\":\"super-heroes\"},{\"@type\":\"BreadcrumbList\",\"@id\":\"https:\\\/\\\/casinorust.com\\\/Germany\\\/wie-man-roulette-spielt\\\/#breadcrumb\",\"itemListElement\":[{\"@type\":\"ListItem\",\"position\":1,\"name\":\"Home\",\"item\":\"https:\\\/\\\/casinorust.com\\\/Germany\\\/\"},{\"@type\":\"ListItem\",\"position\":2,\"name\":\"Wie man Roulette spielt\"}]},{\"@type\":\"WebSite\",\"@id\":\"https:\\\/\\\/casinorust.com\\\/#website\",\"url\":\"https:\\\/\\\/casinorust.com\\\/\",\"name\":\"Casino Rust\",\"description\":\"\",\"publisher\":{\"@id\":\"https:\\\/\\\/casinorust.com\\\/#organization\"},\"potentialAction\":[{\"@type\":\"SearchAction\",\"target\":{\"@type\":\"EntryPoint\",\"urlTemplate\":\"https:\\\/\\\/casinorust.com\\\/?s={search_term_string}\"},\"query-input\":{\"@type\":\"PropertyValueSpecification\",\"valueRequired\":true,\"valueName\":\"search_term_string\"}}],\"inLanguage\":\"de\"},{\"@type\":\"Organization\",\"@id\":\"https:\\\/\\\/casinorust.com\\\/#organization\",\"name\":\"Casino Rust\",\"url\":\"https:\\\/\\\/casinorust.com\\\/\",\"logo\":{\"@type\":\"ImageObject\",\"inLanguage\":\"de\",\"@id\":\"https:\\\/\\\/casinorust.com\\\/#\\\/schema\\\/logo\\\/image\\\/\",\"url\":\"https:\\\/\\\/casinorust.com\\\/wp-content\\\/uploads\\\/2024\\\/03\\\/logo.png\",\"contentUrl\":\"https:\\\/\\\/casinorust.com\\\/wp-content\\\/uploads\\\/2024\\\/03\\\/logo.png\",\"width\":127,\"height\":125,\"caption\":\"Casino Rust\"},\"image\":{\"@id\":\"https:\\\/\\\/casinorust.com\\\/#\\\/schema\\\/logo\\\/image\\\/\"}}]}<\/script>\n<!-- \/ Yoast SEO plugin. -->","yoast_head_json":{"title":"Wie man Roulette spielt - Casino Rust","robots":{"index":"index","follow":"follow","max-snippet":"max-snippet:-1","max-image-preview":"max-image-preview:large","max-video-preview":"max-video-preview:-1"},"canonical":"https:\/\/casinorust.com\/Germany\/wie-man-roulette-spielt\/","og_locale":"de_DE","og_type":"article","og_title":"Wie man Roulette spielt - Casino Rust","og_description":"Online-Roulette meistern: Ein Leitfaden f\u00fcr das Spielen um echtes Geld Roulette ist eines der kultigsten und aufregendsten Casinospiele und bietet den Spielern eine Mischung aus Gl\u00fcck, Strategie und Spannung. Mit dem Aufkommen der Online-Casinos ist Roulette zug\u00e4nglicher denn je geworden... Read more &raquo;","og_url":"https:\/\/casinorust.com\/Germany\/wie-man-roulette-spielt\/","og_site_name":"Casino Rust","og_image":[{"width":376,"height":250,"url":"https:\/\/casinorust.com\/wp-content\/uploads\/2017\/03\/cover-1.jpg","type":"image\/jpeg"}],"twitter_card":"summary_large_image","twitter_misc":{"Est. reading time":"4 minutes"},"schema":{"@context":"https:\/\/schema.org","@graph":[{"@type":"WebPage","@id":"https:\/\/casinorust.com\/Germany\/wie-man-roulette-spielt\/","url":"https:\/\/casinorust.com\/Germany\/wie-man-roulette-spielt\/","name":"Wie man Roulette spielt - Casino Rust","isPartOf":{"@id":"https:\/\/casinorust.com\/#website"},"primaryImageOfPage":{"@id":"https:\/\/casinorust.com\/Germany\/wie-man-roulette-spielt\/#primaryimage"},"image":{"@id":"https:\/\/casinorust.com\/Germany\/wie-man-roulette-spielt\/#primaryimage"},"thumbnailUrl":"https:\/\/casinorust.com\/wp-content\/uploads\/2017\/03\/cover-1.jpg","datePublished":"2024-03-26T17:50:00+00:00","breadcrumb":{"@id":"https:\/\/casinorust.com\/Germany\/wie-man-roulette-spielt\/#breadcrumb"},"inLanguage":"de","potentialAction":[{"@type":"ReadAction","target":["https:\/\/casinorust.com\/Germany\/wie-man-roulette-spielt\/"]}]},{"@type":"ImageObject","inLanguage":"de","@id":"https:\/\/casinorust.com\/Germany\/wie-man-roulette-spielt\/#primaryimage","url":"https:\/\/casinorust.com\/wp-content\/uploads\/2017\/03\/cover-1.jpg","contentUrl":"https:\/\/casinorust.com\/wp-content\/uploads\/2017\/03\/cover-1.jpg","width":376,"height":250,"caption":"super-heroes"},{"@type":"BreadcrumbList","@id":"https:\/\/casinorust.com\/Germany\/wie-man-roulette-spielt\/#breadcrumb","itemListElement":[{"@type":"ListItem","position":1,"name":"Home","item":"https:\/\/casinorust.com\/Germany\/"},{"@type":"ListItem","position":2,"name":"Wie man Roulette spielt"}]},{"@type":"WebSite","@id":"https:\/\/casinorust.com\/#website","url":"https:\/\/casinorust.com\/","name":"Casino Rust","description":"","publisher":{"@id":"https:\/\/casinorust.com\/#organization"},"potentialAction":[{"@type":"SearchAction","target":{"@type":"EntryPoint","urlTemplate":"https:\/\/casinorust.com\/?s={search_term_string}"},"query-input":{"@type":"PropertyValueSpecification","valueRequired":true,"valueName":"search_term_string"}}],"inLanguage":"de"},{"@type":"Organization","@id":"https:\/\/casinorust.com\/#organization","name":"Casino Rust","url":"https:\/\/casinorust.com\/","logo":{"@type":"ImageObject","inLanguage":"de","@id":"https:\/\/casinorust.com\/#\/schema\/logo\/image\/","url":"https:\/\/casinorust.com\/wp-content\/uploads\/2024\/03\/logo.png","contentUrl":"https:\/\/casinorust.com\/wp-content\/uploads\/2024\/03\/logo.png","width":127,"height":125,"caption":"Casino Rust"},"image":{"@id":"https:\/\/casinorust.com\/#\/schema\/logo\/image\/"}}]}},"_links":{"self":[{"href":"https:\/\/casinorust.com\/Germany\/wp-json\/wp\/v2\/pages\/139124","targetHints":{"allow":["GET"]}}],"collection":[{"href":"https:\/\/casinorust.com\/Germany\/wp-json\/wp\/v2\/pages"}],"about":[{"href":"https:\/\/casinorust.com\/Germany\/wp-json\/wp\/v2\/types\/page"}],"author":[{"embeddable":true,"href":"https:\/\/casinorust.com\/Germany\/wp-json\/wp\/v2\/users\/1"}],"replies":[{"embeddable":true,"href":"https:\/\/casinorust.com\/Germany\/wp-json\/wp\/v2\/comments?post=139124"}],"version-history":[{"count":1,"href":"https:\/\/casinorust.com\/Germany\/wp-json\/wp\/v2\/pages\/139124\/revisions"}],"predecessor-version":[{"id":139462,"href":"https:\/\/casinorust.com\/Germany\/wp-json\/wp\/v2\/pages\/139124\/revisions\/139462"}],"wp:featuredmedia":[{"embeddable":true,"href":"https:\/\/casinorust.com\/Germany\/wp-json\/wp\/v2\/media\/139112"}],"wp:attachment":[{"href":"https:\/\/casinorust.com\/Germany\/wp-json\/wp\/v2\/media?parent=139124"}],"curies":[{"name":"wp","href":"https:\/\/api.w.org\/{rel}","templated":true}]}}