{"id":139119,"date":"2024-03-27T07:14:22","date_gmt":"2024-03-27T07:14:22","guid":{"rendered":"https:\/\/casinorust.com\/poker-bonus\/"},"modified":"2024-04-07T08:26:39","modified_gmt":"2024-04-07T08:26:39","slug":"poker-bonus","status":"publish","type":"page","link":"https:\/\/casinorust.com\/Germany\/poker-bonus\/","title":{"rendered":"Pokerbonus"},"content":{"rendered":"<p>Online-Casinos und Pokerr\u00e4ume bieten verschiedene Boni an, um neue Spieler anzuziehen und bestehende zu binden, insbesondere f\u00fcr beliebte Spiele wie Texas Hold&#8217;em. Diese Boni k\u00f6nnen das Pokererlebnis verbessern, indem sie zus\u00e4tzliche Mittel oder die M\u00f6glichkeit bieten, echtes Geld zu gewinnen. Hier ist eine Aufschl\u00fcsselung der verschiedenen Arten von Boni, auf die Sie sto\u00dfen k\u00f6nnen:<\/p>\n<h2>Willkommensbonus:<\/h2>\n<ul>\n<li><strong>Beschreibung<\/strong>: Dies wird neuen Spielern angeboten, wenn sie sich anmelden und ihre erste Einzahlung t\u00e4tigen. Es entspricht in der Regel einem bestimmten Prozentsatz des Einzahlungsbetrags bis zu einem bestimmten Limit.<\/li>\n<li><strong>Texas Hold&#8217;em-Anwendung<\/strong>: Spieler k\u00f6nnen diese zus\u00e4tzlichen Mittel verwenden, um sich in Texas Hold&#8217;em-Spiele und -Turniere einzukaufen und so ihr Guthaben ohne zus\u00e4tzliche pers\u00f6nliche Investition effektiv zu erh\u00f6hen.<\/li>\n<\/ul>\n<h2>Pokerbonus ohne Einzahlung:<\/h2>\n<ul>\n<li><strong>Beschreibung<\/strong>: Mit diesem Bonus erhalten Spieler einen kleinen Bargeldbetrag oder Turniertickets, ohne dass eine Einzahlung erforderlich ist.<\/li>\n<li><strong>Texas Hold&#8217;em-Anwendung<\/strong>: Sie erm\u00f6glicht Spielern die kostenlose Teilnahme an Texas Hold&#8217;em-Spielen oder -Turnieren und bietet so eine risikofreie M\u00f6glichkeit, die Plattform auszuprobieren und m\u00f6glicherweise echtes Geld zu gewinnen.<\/li>\n<\/ul>\n<h2>Reload-Bonus:<\/h2>\n<ul>\n<li><strong>Beschreibung<\/strong>: \u00c4hnlich einem Willkommensbonus, aber f\u00fcr bestehende Kunden, mit einem prozentualen Bonus auf nachfolgende Einzahlungen.<\/li>\n<li><strong>Texas Hold&#8217;em-Anwendung:<\/strong> Diese Boni k\u00f6nnen verwendet werden, um Ihr Pokerguthaben aufzuf\u00fcllen und zus\u00e4tzliche Mittel f\u00fcr mehr Texas Hold&#8217;em-Spiele bereitzustellen.<\/li>\n<\/ul>\n<h2>Freeroll-Turniere:<\/h2>\n<ul>\n<li><strong>Beschreibung<\/strong>: Turniere, deren Teilnahme kostenlos ist, die aber echtes Geld oder Preispools bieten.<\/li>\n<li><strong>Texas Hold&#8217;em-Anwendung<\/strong>: Freerolls sind eine beliebte M\u00f6glichkeit, echtes Geld zu verdienen, ohne etwas zu riskieren, und sie finden oft in Form von Texas Hold&#8217;em-Turnieren statt.<\/li>\n<\/ul>\n<h2>Treue- oder VIP-Programme:<\/h2>\n<ul>\n<li><strong>Beschreibung<\/strong>: Pr\u00e4mienprogramme, bei denen Spieler Punkte f\u00fcr das Spielen von Echtgeldspielen sammeln, die dann gegen Boni, Bargeld oder andere Verg\u00fcnstigungen eingetauscht werden k\u00f6nnen.<\/li>\n<li><strong>Texas Hold&#8217;em-Anwendung:<\/strong> Regelm\u00e4\u00dfige Texas Hold&#8217;em-Spieler k\u00f6nnen erheblich profitieren, da Punkte basierend auf Rake und Turniergeb\u00fchren gesammelt werden.<\/li>\n<\/ul>\n<h2>Rakeback<\/h2>\n<ul>\n<li><strong>Beschreibung<\/strong>: Eine R\u00fcckerstattung eines Prozentsatzes des Rake (der kleine Prozentsatz, der vom Pokerraum aus jedem Pot entnommen wird).<\/li>\n<li><strong>Texas Hold&#8217;em-Anwendung<\/strong>: Rakeback ist besonders f\u00fcr Vielspieler von Vorteil und kann die Spielkosten erheblich senken und die Rentabilit\u00e4t im Laufe der Zeit steigern.<\/li>\n<\/ul>\n<h2>Zeitlich begrenzte Werbeaktionen<\/h2>\n<ul>\n<li><strong>Beschreibung<\/strong>: Hierbei handelt es sich um Sonderangebote, die f\u00fcr eine begrenzte Zeit verf\u00fcgbar sind, z. B. erh\u00f6hte Boni, Sonderturniere oder Gewinnspiele.<\/li>\n<li><strong>Texas Hold&#8217;em-Anwendung<\/strong>: Spieler k\u00f6nnen diese Werbeaktionen nutzen, um einen Mehrwert aus ihrem Texas Hold&#8217;em-Spiel zu ziehen, z. B. durch die Teilnahme an speziellen Turnieren mit gr\u00f6\u00dferen Preispools oder niedrigeren Teilnahmegeb\u00fchren.<\/li>\n<\/ul>\n<h2>Der Reiz und die Vorteile:<\/h2>\n<p>Die verschiedenen Boni, die Online-Casinos f\u00fcr Pokerspiele, insbesondere Texas Hold&#8217;em, anbieten, sorgen f\u00fcr zus\u00e4tzliche Spannung und M\u00f6glichkeiten f\u00fcr die Spieler. Sie steigern nicht nur das Guthaben eines Spielers finanziell, sondern bieten auch die Chance, mehr H\u00e4nde zu spielen, an mehr Turnieren teilzunehmen und letztendlich mehr Erfahrung und Gewinnchancen zu sammeln. Insbesondere f\u00fcr neue Spieler k\u00f6nnen diese Boni die finanzielle Einstiegsh\u00fcrde erheblich senken und ihnen die M\u00f6glichkeit geben, verschiedene Strategien und Spieldynamiken ohne das gleiche Risiko auszuprobieren.<\/p>\n<p>Es ist jedoch wichtig, die mit jedem Bonus verbundenen Gesch\u00e4ftsbedingungen zu lesen. Wettanforderungen, Ablaufdaten und Spielbeschr\u00e4nkungen k\u00f6nnen den tats\u00e4chlichen Wert eines Bonus beeinflussen. Das Verst\u00e4ndnis dieser Aspekte kann den Spielern helfen, das Beste aus den Angeboten zu machen und ihr gesamtes Spielerlebnis bei Texas Hold&#8217;em und Poker zu verbessern.<\/p>\n","protected":false},"excerpt":{"rendered":"<p>Online-Casinos und Pokerr\u00e4ume bieten verschiedene Boni an, um neue Spieler anzuziehen und bestehende zu binden, insbesondere f\u00fcr beliebte Spiele wie Texas Hold&#8217;em. Diese Boni k\u00f6nnen das Pokererlebnis verbessern, indem sie zus\u00e4tzliche Mittel oder die M\u00f6glichkeit bieten, echtes Geld zu gewinnen.<a class=\"excerpt-read-more\" href=\"https:\/\/casinorust.com\/Germany\/poker-bonus\/\" title=\"ReadPokerbonus\">&#8230; Read more &raquo;<\/a><\/p>\n","protected":false},"author":1,"featured_media":139120,"parent":0,"menu_order":0,"comment_status":"closed","ping_status":"closed","template":"poker-bonus.php","meta":{"footnotes":""},"class_list":["post-139119","page","type-page","status-publish","has-post-thumbnail","hentry","wp-sticky"],"acf":[],"yoast_head":"<!-- This site is optimized with the Yoast SEO plugin v27.3 - https:\/\/yoast.com\/product\/yoast-seo-wordpress\/ -->\n<title>Pokerbonus - Casino Rust<\/title>\n<meta name=\"robots\" content=\"index, follow, max-snippet:-1, max-image-preview:large, max-video-preview:-1\" \/>\n<link rel=\"canonical\" href=\"https:\/\/casinorust.com\/Germany\/poker-bonus\/\" \/>\n<meta property=\"og:locale\" content=\"de_DE\" \/>\n<meta property=\"og:type\" content=\"article\" \/>\n<meta property=\"og:title\" content=\"Pokerbonus - Casino Rust\" \/>\n<meta property=\"og:description\" content=\"Online-Casinos und Pokerr\u00e4ume bieten verschiedene Boni an, um neue Spieler anzuziehen und bestehende zu binden, insbesondere f\u00fcr beliebte Spiele wie Texas Hold&#8217;em. Diese Boni k\u00f6nnen das Pokererlebnis verbessern, indem sie zus\u00e4tzliche Mittel oder die M\u00f6glichkeit bieten, echtes Geld zu gewinnen.... Read more &raquo;\" \/>\n<meta property=\"og:url\" content=\"https:\/\/casinorust.com\/Germany\/poker-bonus\/\" \/>\n<meta property=\"og:site_name\" content=\"Casino Rust\" \/>\n<meta property=\"article:modified_time\" content=\"2024-04-07T08:26:39+00:00\" \/>\n<meta property=\"og:image\" content=\"https:\/\/casinorust.com\/wp-content\/uploads\/2017\/03\/Batman-and-the-Joker-Jewels.jpg\" \/>\n\t<meta property=\"og:image:width\" content=\"1573\" \/>\n\t<meta property=\"og:image:height\" content=\"508\" \/>\n\t<meta property=\"og:image:type\" content=\"image\/jpeg\" \/>\n<meta name=\"twitter:card\" content=\"summary_large_image\" \/>\n<meta name=\"twitter:label1\" content=\"Est. reading time\" \/>\n\t<meta name=\"twitter:data1\" content=\"3 minutes\" \/>\n<script type=\"application\/ld+json\" class=\"yoast-schema-graph\">{\"@context\":\"https:\\\/\\\/schema.org\",\"@graph\":[{\"@type\":\"WebPage\",\"@id\":\"https:\\\/\\\/casinorust.com\\\/Germany\\\/poker-bonus\\\/\",\"url\":\"https:\\\/\\\/casinorust.com\\\/Germany\\\/poker-bonus\\\/\",\"name\":\"Pokerbonus - Casino Rust\",\"isPartOf\":{\"@id\":\"https:\\\/\\\/casinorust.com\\\/#website\"},\"primaryImageOfPage\":{\"@id\":\"https:\\\/\\\/casinorust.com\\\/Germany\\\/poker-bonus\\\/#primaryimage\"},\"image\":{\"@id\":\"https:\\\/\\\/casinorust.com\\\/Germany\\\/poker-bonus\\\/#primaryimage\"},\"thumbnailUrl\":\"https:\\\/\\\/casinorust.com\\\/wp-content\\\/uploads\\\/2017\\\/03\\\/Batman-and-the-Joker-Jewels.jpg\",\"datePublished\":\"2024-03-27T07:14:22+00:00\",\"dateModified\":\"2024-04-07T08:26:39+00:00\",\"breadcrumb\":{\"@id\":\"https:\\\/\\\/casinorust.com\\\/Germany\\\/poker-bonus\\\/#breadcrumb\"},\"inLanguage\":\"de\",\"potentialAction\":[{\"@type\":\"ReadAction\",\"target\":[\"https:\\\/\\\/casinorust.com\\\/Germany\\\/poker-bonus\\\/\"]}]},{\"@type\":\"ImageObject\",\"inLanguage\":\"de\",\"@id\":\"https:\\\/\\\/casinorust.com\\\/Germany\\\/poker-bonus\\\/#primaryimage\",\"url\":\"https:\\\/\\\/casinorust.com\\\/wp-content\\\/uploads\\\/2017\\\/03\\\/Batman-and-the-Joker-Jewels.jpg\",\"contentUrl\":\"https:\\\/\\\/casinorust.com\\\/wp-content\\\/uploads\\\/2017\\\/03\\\/Batman-and-the-Joker-Jewels.jpg\",\"width\":1573,\"height\":508,\"caption\":\"Batman-and-the-Joker-Jewels\"},{\"@type\":\"BreadcrumbList\",\"@id\":\"https:\\\/\\\/casinorust.com\\\/Germany\\\/poker-bonus\\\/#breadcrumb\",\"itemListElement\":[{\"@type\":\"ListItem\",\"position\":1,\"name\":\"Home\",\"item\":\"https:\\\/\\\/casinorust.com\\\/Germany\\\/\"},{\"@type\":\"ListItem\",\"position\":2,\"name\":\"Pokerbonus\"}]},{\"@type\":\"WebSite\",\"@id\":\"https:\\\/\\\/casinorust.com\\\/#website\",\"url\":\"https:\\\/\\\/casinorust.com\\\/\",\"name\":\"Casino Rust\",\"description\":\"\",\"publisher\":{\"@id\":\"https:\\\/\\\/casinorust.com\\\/#organization\"},\"potentialAction\":[{\"@type\":\"SearchAction\",\"target\":{\"@type\":\"EntryPoint\",\"urlTemplate\":\"https:\\\/\\\/casinorust.com\\\/?s={search_term_string}\"},\"query-input\":{\"@type\":\"PropertyValueSpecification\",\"valueRequired\":true,\"valueName\":\"search_term_string\"}}],\"inLanguage\":\"de\"},{\"@type\":\"Organization\",\"@id\":\"https:\\\/\\\/casinorust.com\\\/#organization\",\"name\":\"Casino Rust\",\"url\":\"https:\\\/\\\/casinorust.com\\\/\",\"logo\":{\"@type\":\"ImageObject\",\"inLanguage\":\"de\",\"@id\":\"https:\\\/\\\/casinorust.com\\\/#\\\/schema\\\/logo\\\/image\\\/\",\"url\":\"https:\\\/\\\/casinorust.com\\\/wp-content\\\/uploads\\\/2024\\\/03\\\/logo.png\",\"contentUrl\":\"https:\\\/\\\/casinorust.com\\\/wp-content\\\/uploads\\\/2024\\\/03\\\/logo.png\",\"width\":127,\"height\":125,\"caption\":\"Casino Rust\"},\"image\":{\"@id\":\"https:\\\/\\\/casinorust.com\\\/#\\\/schema\\\/logo\\\/image\\\/\"}}]}<\/script>\n<!-- \/ Yoast SEO plugin. -->","yoast_head_json":{"title":"Pokerbonus - Casino Rust","robots":{"index":"index","follow":"follow","max-snippet":"max-snippet:-1","max-image-preview":"max-image-preview:large","max-video-preview":"max-video-preview:-1"},"canonical":"https:\/\/casinorust.com\/Germany\/poker-bonus\/","og_locale":"de_DE","og_type":"article","og_title":"Pokerbonus - Casino Rust","og_description":"Online-Casinos und Pokerr\u00e4ume bieten verschiedene Boni an, um neue Spieler anzuziehen und bestehende zu binden, insbesondere f\u00fcr beliebte Spiele wie Texas Hold&#8217;em. Diese Boni k\u00f6nnen das Pokererlebnis verbessern, indem sie zus\u00e4tzliche Mittel oder die M\u00f6glichkeit bieten, echtes Geld zu gewinnen.... Read more &raquo;","og_url":"https:\/\/casinorust.com\/Germany\/poker-bonus\/","og_site_name":"Casino Rust","article_modified_time":"2024-04-07T08:26:39+00:00","og_image":[{"width":1573,"height":508,"url":"https:\/\/casinorust.com\/wp-content\/uploads\/2017\/03\/Batman-and-the-Joker-Jewels.jpg","type":"image\/jpeg"}],"twitter_card":"summary_large_image","twitter_misc":{"Est. reading time":"3 minutes"},"schema":{"@context":"https:\/\/schema.org","@graph":[{"@type":"WebPage","@id":"https:\/\/casinorust.com\/Germany\/poker-bonus\/","url":"https:\/\/casinorust.com\/Germany\/poker-bonus\/","name":"Pokerbonus - Casino Rust","isPartOf":{"@id":"https:\/\/casinorust.com\/#website"},"primaryImageOfPage":{"@id":"https:\/\/casinorust.com\/Germany\/poker-bonus\/#primaryimage"},"image":{"@id":"https:\/\/casinorust.com\/Germany\/poker-bonus\/#primaryimage"},"thumbnailUrl":"https:\/\/casinorust.com\/wp-content\/uploads\/2017\/03\/Batman-and-the-Joker-Jewels.jpg","datePublished":"2024-03-27T07:14:22+00:00","dateModified":"2024-04-07T08:26:39+00:00","breadcrumb":{"@id":"https:\/\/casinorust.com\/Germany\/poker-bonus\/#breadcrumb"},"inLanguage":"de","potentialAction":[{"@type":"ReadAction","target":["https:\/\/casinorust.com\/Germany\/poker-bonus\/"]}]},{"@type":"ImageObject","inLanguage":"de","@id":"https:\/\/casinorust.com\/Germany\/poker-bonus\/#primaryimage","url":"https:\/\/casinorust.com\/wp-content\/uploads\/2017\/03\/Batman-and-the-Joker-Jewels.jpg","contentUrl":"https:\/\/casinorust.com\/wp-content\/uploads\/2017\/03\/Batman-and-the-Joker-Jewels.jpg","width":1573,"height":508,"caption":"Batman-and-the-Joker-Jewels"},{"@type":"BreadcrumbList","@id":"https:\/\/casinorust.com\/Germany\/poker-bonus\/#breadcrumb","itemListElement":[{"@type":"ListItem","position":1,"name":"Home","item":"https:\/\/casinorust.com\/Germany\/"},{"@type":"ListItem","position":2,"name":"Pokerbonus"}]},{"@type":"WebSite","@id":"https:\/\/casinorust.com\/#website","url":"https:\/\/casinorust.com\/","name":"Casino Rust","description":"","publisher":{"@id":"https:\/\/casinorust.com\/#organization"},"potentialAction":[{"@type":"SearchAction","target":{"@type":"EntryPoint","urlTemplate":"https:\/\/casinorust.com\/?s={search_term_string}"},"query-input":{"@type":"PropertyValueSpecification","valueRequired":true,"valueName":"search_term_string"}}],"inLanguage":"de"},{"@type":"Organization","@id":"https:\/\/casinorust.com\/#organization","name":"Casino Rust","url":"https:\/\/casinorust.com\/","logo":{"@type":"ImageObject","inLanguage":"de","@id":"https:\/\/casinorust.com\/#\/schema\/logo\/image\/","url":"https:\/\/casinorust.com\/wp-content\/uploads\/2024\/03\/logo.png","contentUrl":"https:\/\/casinorust.com\/wp-content\/uploads\/2024\/03\/logo.png","width":127,"height":125,"caption":"Casino Rust"},"image":{"@id":"https:\/\/casinorust.com\/#\/schema\/logo\/image\/"}}]}},"_links":{"self":[{"href":"https:\/\/casinorust.com\/Germany\/wp-json\/wp\/v2\/pages\/139119","targetHints":{"allow":["GET"]}}],"collection":[{"href":"https:\/\/casinorust.com\/Germany\/wp-json\/wp\/v2\/pages"}],"about":[{"href":"https:\/\/casinorust.com\/Germany\/wp-json\/wp\/v2\/types\/page"}],"author":[{"embeddable":true,"href":"https:\/\/casinorust.com\/Germany\/wp-json\/wp\/v2\/users\/1"}],"replies":[{"embeddable":true,"href":"https:\/\/casinorust.com\/Germany\/wp-json\/wp\/v2\/comments?post=139119"}],"version-history":[{"count":2,"href":"https:\/\/casinorust.com\/Germany\/wp-json\/wp\/v2\/pages\/139119\/revisions"}],"predecessor-version":[{"id":139370,"href":"https:\/\/casinorust.com\/Germany\/wp-json\/wp\/v2\/pages\/139119\/revisions\/139370"}],"wp:featuredmedia":[{"embeddable":true,"href":"https:\/\/casinorust.com\/Germany\/wp-json\/wp\/v2\/media\/139120"}],"wp:attachment":[{"href":"https:\/\/casinorust.com\/Germany\/wp-json\/wp\/v2\/media?parent=139119"}],"curies":[{"name":"wp","href":"https:\/\/api.w.org\/{rel}","templated":true}]}}